 of 3560 and 1131190?
890
Calculate the highest common factor of 661680 and 20.
20
What is the highest common divisor of 8976 and 1632?
816
What is the highest common divisor of 230 and 1248210?
230
What is the greatest common factor of 2576 and 84272?
368
Calculate the highest common divisor of 1435 and 13120.
205
What is the greatest common factor of 58420 and 84836?
508
Calculate the highest common divisor of 368 and 192280.
184
Calculate the highest common factor of 10478 and 6851.
403
Calculate the highest common divisor of 3654 and 96.
6
What is the highest common divisor of 29627 and 13?
13
What is the greatest common factor of 13168 and 36?
4
What is the greatest common factor of 49 and 51534?
7
What is the greatest common factor of 1197 and 18088?
133
Calculate the greatest common factor of 61665 and 15.
15
What is the greatest common factor of 14 and 1100729?
7
What is the greatest common divisor of 15 and 20360?
5
Calculate the greatest common divisor of 767109 and 6.
3
Calculate the highest common divisor of 465 and 131316.
93
Calculate the greatest common divisor of 540 and 446904.
108
Calculate the highest common divisor of 28460 and 1660.
20
What is the highest common factor of 2781760 and 16?
16
Calculate the highest common factor of 945035 and 4340.
1085
Calculate the highest common divisor of 17469 and 1377.
27
What is the greatest common factor of 72 and 29478?
6
Calculate the highest common divisor of 686 and 763322.
98
What is the greatest common divisor of 2988 and 293571?
747
Calculate the highest common factor of 79 and 18139427.
79
Calculate the highest common divisor of 9657 and 6.
3
Calculate the highest common factor of 375525 and 90.
45
What is the highest common factor of 301 and 8117067?
301
What is the highest common divisor of 4653073 and 43?
43
Calculate the greatest common factor of 1771 and 539.
77
Calculate the highest common divisor of 45732 and 1776.
444
Calculate the greatest common factor of 1635799 and 1331.
1331
What is the greatest common factor of 954428 and 4?
4
What is the greatest common divisor of 54 and 329049?
27
Calculate the highest common factor of 34872 and 5844.
12
Calculate the greatest common divisor of 402528 and 21.
21
Calculate the greatest common factor of 2676 and 309524.
892
Calculate the greatest common factor of 340417 and 154.
77
What is the greatest common factor of 48 and 14672?
16
What is the highest common factor of 3306 and 175102?
58
What is the highest common factor of 1068 and 1690644?
1068
Calculate the highest common factor of 14160 and 912.
48
What is the greatest common factor of 748 and 1297032?
748
Calculate the greatest common divisor of 871 and 4615.
13
Calculate the greatest common factor of 3668 and 14966.
14
Calculate the highest common divisor of 4700 and 18659.
47
Calculate the greatest common factor of 558 and 49176.
18
Calculate the highest common divisor of 4950 and 166518.
198
What is the greatest common factor of 181353 and 183?
183
What is the highest common factor of 864 and 6096?
48
Calculate the highest common divisor of 33 and 733733.
11
What is the greatest common divisor of 8560 and 272?
16
What is the greatest common divisor of 49 and 346?
1
Calculate the greatest common factor of 187 and 693838.
17
What is the highest common factor of 693 and 825?
33
Calculate the highest common factor of 1360 and 310.
10
What is the greatest common factor of 135 and 5157?
27
What is the greatest common factor of 528 and 50288?
16
Calculate the highest common divisor of 15779 and 93.
31
What is the greatest common factor of 21582 and 113454?
198
Calculate the greatest common factor of 816 and 4845.
51
Calculate the greatest common divisor of 2322 and 9675.
387
What is the greatest common factor of 297018 and 232?
58
Calculate the highest common divisor of 29 and 4184.
1
Calculate the greatest common factor of 19 and 3845467.
19
Calculate the greatest common factor of 26110 and 2240.
70
Calculate the greatest common divisor of 28 and 144046.
14
Calculate the greatest common factor of 465 and 34131.
93
Calculate the greatest common factor of 598 and 1040.
26
What is the highest common divisor of 5208 and 2666?
62
Calculate the highest common divisor of 32 and 627952.
16
What is the greatest common divisor of 572 and 555412?
572
What is the greatest common factor of 72 and 792784?
8
Calculate the greatest common divisor of 1593104 and 102.
34
What is the highest common factor of 5824 and 819?
91
What is the greatest common factor of 3505 and 25920?
5
Calculate the greatest common divisor of 71790 and 30.
30
What is the highest common divisor of 221703 and 268?
67
What is the highest common factor of 99 and 1023066?
99
Calculate the highest common divisor of 4 and 5086.
2
Calculate the greatest common divisor of 5382 and 1326.
78
What is the highest common divisor of 5661 and 88281?
153
What is the greatest common factor of 5978 and 5612?
122
What is the highest common factor of 4701074 and 812?
406
What is the highest common factor of 3465 and 203?
7
What is the highest common factor of 16 and 2087632?
16
Calculate the highest common divisor of 1298 and 305738.
118
What is the greatest common divisor of 2832 and 3540?
708
Calculate the greatest common factor of 387 and 288.
9
Calculate the greatest common divisor of 10748 and 188.
4
Calculate the greatest common divisor of 9821 and 34160.
427
Calculate the highest common factor of 44764 and 369664.
1444
Calculate the highest common factor of 22409 and 3.
1
What is the highest common factor of 1715 and 30583?
7
What is the greatest common factor of 28 and 724038?
14
What is the greatest common divisor of 175 and 22505?
35
What is the highest common factor of 34266 and 42?
6
Calculate the highest common divisor of 258 and 320006.
86
What is the greatest common factor of 15 and 42915?
15
Calculate the greatest common factor of 32 and 3359424.
32
Calculate the highest common factor of 106270 and 160.
10
Calculate the greatest common divisor of 2 and 63202.
2
Calculate the greatest common factor of 320 and 11320.
40
Calculate the greatest common divisor of 32451 and 696.
87
What is the highest common factor of 10332 and 6804?
252
Calculate the highest common factor of 933 and 110405.
311
Calculate the greatest common factor of 5976 and 3154.
166
Calculate the highest common factor of 3621 and 489474.
213
What is the greatest common factor of 36015 and 945?
105
Calculate the greatest common factor of 38575 and 575.
25
Calculate the greatest common factor of 37236 and 16008.
348
What is the greatest common divisor of 4484 and 361?
19
Calculate the greatest common divisor of 12768 and 649344.
1824
What is the greatest common factor of 1914 and 432?
6
What is the highest common factor of 273513 and 1038?
519
What is the greatest common divisor of 137632 and 561?
187
What is the highest common divisor of 301042 and 406?
14
What is the highest common divisor of 375 and 9600?
75
What is the greatest common divisor of 771 and 12593?
257
Calculate the highest common divisor of 6455 and 15.
5
Calculate the highest common factor of 169 and 376103.
13
Calculate the greatest common factor of 110 and 28402.
22
Calculate the highest common factor of 36 and 90.
18
Calculate the greatest common factor of 25 and 24590.
5
What is the highest common divisor of 3781 and 969?
19
Calculate the greatest common factor of 138639 and 111.
111
What is the greatest common factor of 2456 and 3208?
8
Calculate the highest common divisor of 12 and 2718084.
12
Calculate the highest common factor of 274 and 261259.
137
What is the greatest common divisor of 48 and 446792?
8
Calculate the highest common divisor of 116 and 6641.
29
What is the greatest common divisor of 20922 and 132?
66
Calculate the highest common factor of 2979808 and 29.
29
Calculate the greatest common divisor of 312 and 24648.
312
What is the highest common factor of 70 and 5138?
14
Calculate the greatest common divisor of 85 and 2175.
5
Calculate the greatest common divisor of 105260 and 20.
20
What is the highest common divisor of 3420 and 146295?
45
What is the highest common factor of 461079 and 27?
27
Calculate the greatest common divisor of 6401 and 4181.
37
Calculate t